e units digit of 82398?
8
What is the millions digit of 3130455?
3
What is the ten thousands digit of 4881462?
8
What is the tens digit of 1146783?
8
What is the units digit of 1292557?
7
What is the hundreds digit of 1760863?
8
What is the units digit of 871393?
3
What is the tens digit of 3656032?
3
What is the hundred thousands digit of 5168244?
1
What is the hundred thousands digit of 2841037?
8
What is the units digit of 3434522?
2
What is the hundreds digit of 1251011?
0
What is the millions digit of 7526938?
7
What is the ten millions digit of 18776051?
1
What is the units digit of 154343?
3
What is the tens digit of 2118472?
7
What is the thousands digit of 1520971?
0
What is the ten thousands digit of 1043616?
4
What is the hundreds digit of 358378?
3
What is the hundreds digit of 5058661?
6
What is the hundreds digit of 763883?
8
What is the millions digit of 4104259?
4
What is the thousands digit of 1890983?
0
What is the millions digit of 3018511?
3
What is the ten thousands digit of 135977?
3
What is the ten thousands digit of 6612104?
1
What is the units digit of 935000?
0
What is the hundred thousands digit of 1069192?
0
What is the tens digit of 321435?
3
What is the tens digit of 2555864?
6
What is the hundreds digit of 165007?
0
What is the units digit of 665182?
2
What is the thousands digit of 580079?
0
What is the ten millions digit of 10224448?
1
What is the millions digit of 2177057?
2
What is the ten millions digit of 18958471?
1
What is the millions digit of 5937628?
5
What is the millions digit of 33811275?
3
What is the hundreds digit of 3282549?
5
What is the thousands digit of 24152417?
2
What is the thousands digit of 3900638?
0
What is the ten thousands digit of 550244?
5
What is the millions digit of 4210893?
4
What is the thousands digit of 633698?
3
What is the tens digit of 826936?
3
What is the ten thousands digit of 3132744?
3
What is the thousands digit of 1458338?
8
What is the tens digit of 339265?
6
What is the thousands digit of 1585?
1
What is the millions digit of 1410798?
1
What is the hundred thousands digit of 13230114?
2
What is the hundred thousands digit of 2408093?
4
What is the hundred thousands digit of 795531?
7
What is the millions digit of 10455291?
0
What is the hundred thousands digit of 35911735?
9
What is the hundreds digit of 865399?
3
What is the millions digit of 2089858?
2
What is the ten thousands digit of 136372?
3
What is the hundred thousands digit of 524357?
5
What is the thousands digit of 613026?
3
What is the units digit of 764651?
1
What is the ten thousands digit of 3275552?
7
What is the tens digit of 108911?
1
What is the units digit of 3211096?
6
What is the hundred thousands digit of 950913?
9
What is the thousands digit of 628801?
8
What is the units digit of 1112492?
2
What is the tens digit of 209415?
1
What is the hundred thousands digit of 7996761?
9
What is the millions digit of 4403876?
4
What is the units digit of 539554?
4
What is the units digit of 867131?
1
What is the hundreds digit of 7881150?
1
What is the millions digit of 1315209?
1
What is the hundreds digit of 10083875?
8
What is the ten thousands digit of 7233368?
3
What is the tens digit of 182202?
0
What is the thousands digit of 185335?
5
What is the ten thousands digit of 4374913?
7
What is the ten thousands digit of 559544?
5
What is the units digit of 554298?
8
What is the hundreds digit of 9591431?
4
What is the hundreds digit of 9004140?
1
What is the units digit of 495747?
7
What is the units digit of 370621?
1
What is the thousands digit of 8369570?
9
What is the ten thousands digit of 276871?
7
What is the hundreds digit of 204851?
8
What is the hundreds digit of 4194664?
6
What is the units digit of 310154?
4
What is the thousands digit of 294560?
4
What is the tens digit of 2242561?
6
What is the units digit of 647298?
8
What is the ten thousands digit of 196824?
9
What is the hundreds digit of 71740?
7
What is the hundreds digit of 841292?
2
What is the tens digit of 313992?
9
What is the hundreds digit of 1721585?
5
What is the millions digit of 4274505?
4
What is the hundred thousands digit of 9097663?
0
What is the hundreds digit of 285798?
7
What is the hundreds digit of 2412910?
9
What is the ten millions digit of 15758112?
1
What is the millions digit of 6538330?
6
What is the hundred thousands digit of 346989?
3
What is the units digit of 231972?
2
What is the ten thousands digit of 5233935?
3
What is the hundred thousands digit of 6554045?
5
What is the thousands digit of 417493?
7
What is the tens digit of 2963745?
4
What is the units digit of 24626971?
1
What is the tens digit of 65710?
1
What is the tens digit of 4862478?
7
What is the units digit of 1836121?
1
What is the ten thousands digit of 350872?
5
What is the thousands digit of 1715066?
5
What is the millions digit of 1658296?
1
What is the hundreds digit of 587662?
6
What is the units digit of 1040221?
1
What is the hundred thousands digit of 476366?
4
What is the ten thousands digit of 7285546?
8
What is the tens digit of 954145?
4
What is the hundred thousands digit of 1301395?
3
What is the hundred thousands digit of 1843552?
8
What is the hundred thousands digit of 1501919?
5
What is the hundreds digit of 2303150?
1
What is the thousands digit of 1274963?
4
What is the hundreds digit of 25620?
6
What is the hundreds digit of 11207020?
0
What is the hundred thousands digit of 10881393?
8
What is the hundred thousands digit of 2697548?
6
What is the hundreds digit of 83580?
5
What is the millions digit of 4775592?
4
What is the thousands digit of 12636463?
6
What is the ten thousands digit of 6078473?
7
What is the hundreds digit of 5087045?
0
What is the ten thousands digit of 7921872?
2
What is the units digit of 2918432?
2
What is the tens digit of 1310060?
6
What is the thousands digit of 169516?
9
What is the ten thousands digit of 59579?
5
What is the thousands digit of 493543?
3
What is the ten thousands digit of 11703370?
0
What is the hundred thousands digit of 1133947?
1
What is the hundred thousands digit of 1434290?
4
What is the thousands digit of 186046?
6
What is the hundred thousands digit of 2589956?
5
What is the hundred thousands digit of 3348324?
3
What is the hundreds digit of 866033?
0
What is the millions digit of 3101720?
3
What is the hundreds digit of 133146?
1
What is the hundred thousands digit of 160864?
1
What is the thousands digit of 443391?
3
What is the millions digit of 3330503?
3
What is the units digit of 214983?
3
What is the units digit of 533533?
3
What is the hundred thousands digit of 19932734?
9
What is the hundred thousands digit of 5975032?
9
What is the units digit of 2038171?
1
What is the millions digit of 8284435?
8
What is the hundred thousands digit of 672675?
6
What is the ten thousands digit of 99749?
9
What is the hundreds digit of 11472883?
8
What is the tens digit of 100173?
7
What is the hundred thousands digit of 568016?
5
What is the thousands digit of 1329670?
9
What is the ten thousands digit of 509027?
0
What is the ten thousands digit of 277347?
7
What is the hundreds digit of 1567852?
8
What is the ten thousands digit of 8308907?
0
What is the hundred thousands digit of 1168905?
1
What is the units digit of 2020089?
9
What is the hundred thousands digit of 780441?
7
What is the ten thousands digit of 8449804?
4
What is the units digit of 256378?
8
What is the ten thousands digit of 520745?
2
What is the millions digit of 3668798?
3
What is the tens digit of 9969?
6
What is the thousands digit of 101199?
1
What is the millions digit of 1076803?
1
What is the tens digit of 870118?
1
What is the ten millions digit of 13806845?
1
What is the hundred thousands digit of 1292414?
2
What is the hundreds digit of 88006?
0
What is the ten millions digit of 27025297?
2
What is the hundreds digit of 482062?
0
What is the hundred thousands digit of 764937?
7
What is the units digit of 400927?
7
What is the hundred thousands digit of 27482519?
4
What is the units digit of 1209049?
9
What is the tens digit of 91722?
2
What is the ten thousands digit of 3260449?
6
What is the units digit of 9149238?
8
What is the millions digit of 1002780?
1
What is the hundred